{"id":491,"date":"2013-03-26T20:05:16","date_gmt":"2013-03-26T20:05:16","guid":{"rendered":"http:\/\/66.7.218.220\/~fam\/?page_id=491"},"modified":"2014-04-22T20:36:00","modified_gmt":"2014-04-22T20:36:00","slug":"fam-ahorro","status":"publish","type":"page","link":"http:\/\/107.161.179.93\/~fam\/fam-ahorro\/","title":{"rendered":"Fam Ahorro"},"content":{"rendered":"<p><strong>\u00bfQu\u00e9 es el Programa FAM AHORRO.?<\/strong><\/p>\n<p>Es un mecanismo creado para todos los trabajadores que pertenecen a la Secci\u00f3n 49 del SNTE y que de forma VOLUNTARIA pueden considerar ahorrar, a trav\u00e9s de este programa, ya que al formar parte de esta MUTUALIDAD (1) y partiendo de este principio le permite al grupo obtener rendimientos por arriba de las que otorga el mercado.<\/p>\n<p><strong>\u00bfC\u00f3mo puedo participar en el Programa FAM AHORRO.?<\/strong><\/p>\n<p>Partiendo de que FAM AHORRO es voluntario se podr\u00e1 tener acceso mediante 2 opciones:<\/p>\n<p><strong>\u00b0 Ahorrador<\/strong><br \/>\nEn esta alternativa el participante decidir\u00e1 el porcentaje que ahorrar que podr\u00e1 ser del:<br \/>\n2%, 4% ,6% de su Sueldo Base mediante descuentos quincenales, y lo podr\u00e1n identificar a trav\u00e9s de los codigos:<br \/>\n78 (personal activo)<br \/>\n63 (n\u00f3mina de pensiones)<br \/>\n81 (Normal Urbana)<br \/>\n78 (Jubilados)<\/p>\n<p><strong>\u00b0 Inversionista<\/strong><br \/>\nSe considera esta figura a todo aquel miembro de la Seccion 49 que decida INVERTIR con una cantidad superior a $ 1,000 MN, y esta se realice en una sola exhibici\u00f3n depositando a la cuenta del FAM SNTE 49 y que cuyos recursos permanezcan 180 d\u00edas minimo.<\/p>\n<p>\u00bfCu\u00e1l es el rendimiento que obtendr\u00e9 con FAM AHORRO.?<\/p>\n<p><img loading=\"lazy\" class=\"wpimgload alignnone size-full wp-image-521\" title=\"10\" src=\"http:\/\/fam-49-snte.org.mx\/wp-content\/uploads\/2013\/03\/10.jpg\" alt=\"\" width=\"424\" height=\"200\" srcset=\"http:\/\/107.161.179.93\/~fam\/wp-content\/uploads\/2013\/03\/10.jpg 424w, http:\/\/107.161.179.93\/~fam\/wp-content\/uploads\/2013\/03\/10-400x188.jpg 400w\" sizes=\"(max-width: 424px) 100vw, 424px\" \/><\/p>\n<p><img loading=\"lazy\" class=\"wpimgload alignnone size-full wp-image-523\" title=\"fr\" src=\"http:\/\/fam-49-snte.org.mx\/wp-content\/uploads\/2013\/03\/fr.jpg\" alt=\"\" width=\"569\" height=\"636\" srcset=\"http:\/\/107.161.179.93\/~fam\/wp-content\/uploads\/2013\/03\/fr.jpg 569w, http:\/\/107.161.179.93\/~fam\/wp-content\/uploads\/2013\/03\/fr-268x300.jpg 268w, http:\/\/107.161.179.93\/~fam\/wp-content\/uploads\/2013\/03\/fr-447x500.jpg 447w\" sizes=\"(max-width: 569px) 100vw, 569px\" \/><\/p>\n","protected":false},"excerpt":{"rendered":"<p>\u00bfQu\u00e9 es el Programa FAM AHORRO.? Es un mecanismo creado para todos los trabajadores que pertenecen a la Secci\u00f3n 49 del SNTE y que de forma VOLUNTARIA pueden considerar ahorrar, a trav\u00e9s de este programa, ya que al formar parte de esta MUTUALIDAD (1) y partiendo de este principio le permite al grupo obtener rendimientos [&hellip;]<\/p>\n","protected":false},"author":1,"featured_media":0,"parent":0,"menu_order":0,"comment_status":"open","ping_status":"open","template":"","meta":[],"_links":{"self":[{"href":"http:\/\/107.161.179.93\/~fam\/wp-json\/wp\/v2\/pages\/491"}],"collection":[{"href":"http:\/\/107.161.179.93\/~fam\/wp-json\/wp\/v2\/pages"}],"about":[{"href":"http:\/\/107.161.179.93\/~fam\/wp-json\/wp\/v2\/types\/page"}],"author":[{"embeddable":true,"href":"http:\/\/107.161.179.93\/~fam\/wp-json\/wp\/v2\/users\/1"}],"replies":[{"embeddable":true,"href":"http:\/\/107.161.179.93\/~fam\/wp-json\/wp\/v2\/comments?post=491"}],"version-history":[{"count":7,"href":"http:\/\/107.161.179.93\/~fam\/wp-json\/wp\/v2\/pages\/491\/revisions"}],"predecessor-version":[{"id":525,"href":"http:\/\/107.161.179.93\/~fam\/wp-json\/wp\/v2\/pages\/491\/revisions\/525"}],"wp:attachment":[{"href":"http:\/\/107.161.179.93\/~fam\/wp-json\/wp\/v2\/media?parent=491"}],"curies":[{"name":"wp","href":"https:\/\/api.w.org\/{rel}","templated":true}]}}